e greatest common factor of s and q?
4
Suppose -8*d + 44 = -4*d. Let t(j) = -j + 5. Let u be t(5). Let m be 56 + u + -2 + 1. What is the greatest common divisor of d and m?
11
Suppose 3*f - 21 = 267. Suppose 2*s - 4 - 20 = 0. What is the greatest common factor of s and f?
12
Let o be (-5)/15 + (-61)/(-3). Suppose d = 0, o + 2 = u + 4*d. Suppose -2*n - 3*n + 10 = 0. What is the highest common divisor of n and u?
2
Let q be (-580)/(-70) - (-2)/(-7). Let a be 14/4 - (-2)/4. What is the greatest common factor of q and a?
4
Suppose 5*h - 2*h + 25 = 4*j, -j - 4*h = -30. Calculate the greatest common divisor of j and 15.
5
Let m = 3 + -4. Let w = -1 + m. Let h be w - (11 - 0)*-1. Calculate the highest common divisor of h and 3.
3
Let q be -4 + 3/(-2 + -1). Let u(d) = d**2 + 4*d + 1. Let n be u(q). Let v be 20*2 + 4/2. Calculate the highest common factor of v and n.
6
Suppose 4*p - 17 - 47 = -4*c, -2*p + 32 = 3*c. Let z = -35 + 105. Let j = z + 10. What is the highest common factor of p and j?
16
Suppose -5*z = 4*z - 162. Suppose -4*p + 32 = -5*k, 4*p + 3 = p - 3*k. Calculate the highest common factor of p and z.
3
Let q = 1 + 110. Let i = q + 54. Suppose 5*w + 49 = 124. What is the highest common factor of i and w?
15
Suppose a + 4 = 2*a. Let w = a + -3. Let i be 2 - 0 - (w + -3). What is the highest common factor of 1 and i?
1
Let o be 480/(-6)*(-3)/4. Suppose -4*g + 120 = g. What is the highest common factor of g and o?
12
Let k = -10 + 5. Let y be k/(-1)*4/4. Suppose 4*z - 3*z = 2. Calculate the highest common factor of y and z.
1
Suppose -2*x - 12 = -c + x, 0 = -3*c + 2*x + 36. Suppose -21 = -3*t - 5*h, t - 3*h + 1 = -3*t. What is the greatest common factor of t and c?
2
Let y be (-6)/(-9) + 296/6. Let o = 18 - 13. Calculate the highest common divisor of y and o.
5
Let v = -109 - -291. What is the greatest common divisor of 14 and v?
14
Let h = 35 - 0. Suppose 5*a - 15 = h. What is the highest common divisor of 15 and a?
5
Let d = -7 + 8. Calculate the greatest common factor of d and 4.
1
Let d = 121 - 9. What is the greatest common divisor of 32 and d?
16
Let c(b) = -b**2 + 8*b - 6. Let u be c(5). Let w be (u - -4) + 3*-1. What is the greatest common divisor of w and 20?
10
Let b(j) = 3*j**2 + 7*j - 6. Let d(r) = -13*r**2 - 28*r + 23. Let q(u) = 9*b(u) + 2*d(u). Let f be q(6). Calculate the highest common divisor of f and 28.
14
Let g(h) = -h**3 - 7*h**2 - 7*h - 4. Let d be g(-6). Let c be (-60)/(-5) - (1 - -1). Calculate the greatest common divisor of d and c.
2
Suppose 8 + 16 = 3*k. Calculate the greatest common factor of 1 and k.
1
Suppose 5*a - 34 = -214. Let n be (a/14)/(2/(-14)). Let g be (-1)/(-1) + (-2 - -13). Calculate the greatest common divisor of n and g.
6
Let s be (-2)/(-5)*(-4)/(-8)*150. Calculate the greatest common divisor of s and 80.
10
Suppose -59 = -w - 19. Suppose 15 = -2*z + 5*z. Calculate the highest common factor of w and z.
5
Let f = 35 + -15. Suppose -2*o + o + f = 0. Suppose 4*s - 106 = -3*z, 2*z + 5*s = -47 + 127. What is the greatest common factor of o and z?
10
Suppose 0 = -267*o + 268*o - 22. Suppose 32 = 3*t - 5*f - 118, -232 = -4*t - 4*f. What is the highest common factor of o and t?
11
Let u = 16 + -24. Let d = -3 - u. Suppose -14 = -2*t - 6, 2*t = -2*y + 118. What is the greatest common factor of d and y?
5
Suppose -4*c + c = -39. Suppose y + 0*y - 104 = 0. Calculate the greatest common divisor of c and y.
13
Suppose 7*b - 6*b - 46 = 0. What is the highest common divisor of 23 and b?
23
Let r(x) be the first derivative of 11*x**2 + 1. Let h be r(1). Let o be 8/(-12)*11*-3. Calculate the highest common factor of h and o.
22
Suppose 5*g - 3 = 22. Suppose 0*f + g = f. Suppose -f*o + 260 = -o - 4*b, -3*b = 5*o - 365. Calculate the highest common factor of o and 10.
10
Let b be 178/14 - (-2)/7. Suppose -2*p = 50 - 128. What is the highest common divisor of p and b?
13
Suppose t - 35 = -0*t. Calculate the greatest common factor of 5 and t.
5
Let z be ((-264)/9)/(2/(-15)). Suppose 0 = -2*q - 0*q + z. Let i(t) = -t**3 - 6*t**2 - 2*t - 2. Let f be i(-6). Calculate the highest common factor of f and q.
10
Let n = 0 - 0. Let k(x) = 3*x + 2. Let b be k(2). Suppose c = 5*c - b, n = -2*i + c + 2. What is the greatest common divisor of 10 and i?
2
Suppose 5*h = 153 - 18. What is the highest common divisor of h and 3?
3
Let h(k) = -k**2 + 12*k - 8. Let b be h(10). Calculate the greatest common divisor of b and 60.
12
Suppose q - 65 = -4*q. Suppose -3*v + 32 = -q. Suppose -4*f + 33 = -v. What is the highest common factor of f and 4?
4
Suppose 0 = -15*k + 17 + 163. What is the greatest common factor of 144 and k?
12
Let c = -2 - -11. Suppose -3*x - 3 = -3*n + c, 8 = 2*n + 5*x. Let m be (-2)/(-8) - (-51)/n. What is the greatest common factor of m and 117?
13
Let r(n) = n + 20. Let d be r(-8). Calculate the highest common factor of 84 and d.
12
Let t(i) = i**2 + 6*i - 13. Suppose -19 = 2*o - 1. Let w be t(o). What is the greatest common divisor of w and 42?
14
Let s = -21 - -24. Suppose -3 = d - 6. Suppose -39 = d*u - 120. What is the greatest common factor of s and u?
3
Let d = 51 - 45. Calculate the greatest common divisor of 15 and d.
3
Suppose c - 172 = -v, -3*c - 98 = -v + 86. Calculate the greatest common factor of 70 and v.
35
Let z(o) = -o**2 + 7*o + 8. Let p be z(8). Suppose p*m + 2*m - 4*g - 4 = 0, 5*m = -g + 43. What is the highest common factor of m and 64?
8
Suppose -687 = -5*t + 3*h, -3*h + 507 = 3*t + 114. Let m(j) = j**3 - 9*j**2 - 8*j - 5. Let g be m(10). Calculate the highest common divisor of t and g.
15
Suppose 2*g + 9 - 3 = k, -4*g = -k + 8. Calculate the highest common divisor of k and 64.
4
Suppose a - 5 = -4*a. Suppose 4*h - c - a = 0, -c = -4*h + h. What is the greatest common divisor of 2 and h?
1
Let u be 2/9 - (-1552)/144. Calculate the greatest common factor of u and 77.
11
Let x(o) = -4*o + 10. Let f be x(4). Let v be ((-380)/f)/(20/30). Calculate the greatest common divisor of 38 and v.
19
Suppose 10*h - 20 = 5*h. Suppose u = h*r - 4*u - 3, 5 = 5*u. Let z be 3/(15/(-12) + r). What is the highest common divisor of z and 20?
4
Let l be (11*2)/((-4)/(-2)). Let t be 4 + -1 + 1 + 0. Suppose -t*i + 101 = 3*k - 128, 0 = -4*i - 4*k + 232. What is the highest common factor of l and i?
11
Suppose 0*m - m - 16 = 0. Let i be (m/(-5))/((-2)/(-395)). Let f be i/10 - (-2)/(-10). What is the greatest common factor of f and 7?
7
Let u be ((-2)/3)/((-2)/24). Let a = u - 3. Suppose a*v - 28 = -4*g, v = -3*g - 3 + 13. What is the highest common factor of g and 1?
1
Suppose -3*p + 5*k - 81 = -33, p = k - 16. Let t = p - -30. Calculate the greatest common factor of t and 126.
14
Let a = 55 - 54. Suppose -15 = -11*g + 6*g. What is the highest common factor of g and a?
1
Let h = 40 + 11. What is the greatest common factor of 17 and h?
17
Suppose -4*b + 5*k + 247 = 0, 5*b + 3*k - 278 = -k. Let n be b + 4*3/6. What is the greatest common divisor of 15 and n?
15
Suppose -6*o + 371 + 349 = 0. Calculate the greatest common factor of 80 and o.
40
Let s(h) = h**2 + h - 5. Let a = -11 + 5. Let c be s(a). Calculate the greatest common factor of 5 and c.
5
Let z = -3 + 1. Let k be z/((-3)/(-84)*-1). Suppose 0 = 3*y + 4*a - 28, 0 = 3*y + 2*y - a - 39. What is the greatest common divisor of y and k?
8
Let k be (-40)/6*(-6)/4. What is the greatest common factor of k and 10?
10
Let a(z) = z - 1. Let x be a(3). Suppose 19 = -5*l - 1, -108 = -5*s + x*l. Calculate the highest common factor of 5 and s.
5
Let k(d) = 2*d**2 + 9. Let t be k(6). Calculate the greatest common factor of 9 and t.
9
Let d be 88 - 3/(-6)*0. Calculate the greatest common divisor of 11 and d.
11
Let l = 87 + -41. What is the greatest common factor of l and 115?
23
Let x(u) = u**3 + 6*u**2 - 4*u - 7. Let d be x(-6). What is the highest common divisor of d and 119?
17
Let q(g) = -g + 5. Let y be q(-7). What is the greatest common factor of y and 36?
12
Suppose 0 = -3*m + 3*q - 7 - 5, -5*m + 20 = 3*q. What is the greatest common divisor of 3 and m?
1
Let d(n) = -n**3 - 3*n**2 - 3*n + 1. Let i be d(-4). Calculate the greatest common divisor of 29 and i.
29
Suppose y + 21 = 5*s, -5*y - 47 = 3*s + s. Let w = 28 + y. Suppose 0*j + 68 = 2*j. What is the greatest common d